, 0 = w + 4*l - 10. What is the remainder when 81 is divided by w?
11
Suppose -y = 5*a - 645, a - 3*y = -0*y + 129. Let r = 71 - 45. Calculate the remainder when a is divided by r.
25
Suppose -5*d = -m - 27, -3*d - 1 = m - 14. What is the remainder when 43 is divided by ((-92)/(-10))/(m/(-5))?
20
Let h(u) = u - 9. Let o(f) be the first derivative of -f**2 + 17*f + 4. Let s(w) = 5*h(w) + 3*o(w). Calculate the remainder when 38 is divided by s(-7).
12
Suppose 5*g + 175 = 4*s, s + 35 = -g + 4*s. Let i = -15 - g. What is the remainder when i is divided by 11?
9
Let i = 188 + -126. Calculate the remainder when i is divided by 23.
16
Let i(u) = 3*u**2 - 2*u - 189. Calculate the remainder when i(-12) is divided by 40.
27
Let b(q) = q**3 - 9*q**2 - 13*q + 13. Let o be b(10). Let p(r) = 3*r**2 + 5*r - 2. What is the remainder when p(-4) is divided by (9/3 + o)*-1?
12
Let k = -36 - -21. What is the remainder when 2*(-4)/((-8)/35) is divided by -2*(k/2 - -3)?
8
Let w = 784 + 126. Calculate the remainder when w is divided by 83.
80
Let x = -11 - -18. Let c be (-2)/(-12) - 1219/(-138). Suppose 4*l = 5*d - 107 + c, d = -l + 16. Calculate the remainder when d is divided by x.
4
Suppose -5*k = -5, 3*k - 4*k + 141 = 4*r. Suppose -4*v = -5*m + m - 24, 0 = 2*v + 2*m - 24. What is the remainder when r is divided by v?
8
Suppose 767*v - 763*v = 304. Calculate the remainder when v is divided by 22.
10
Suppose 0 = 5*h + 7 + 63. Calculate the remainder when (h/4)/((-14)/196) is divided by 17.
15
Let b be 4/(-22) - (-827)/11. Suppose 5*q - 68 + 3 = -5*s, 5*s = 5*q + b. What is the remainder when s is divided by 4?
2
Calculate the remainder when 768 is divided by 69 - (7 - (0 - -12) - -4).
68
Suppose 143*s - 120 = 151*s. What is the remainder when -1 + 0 - 49/(-1) is divided by -2*(-5)/(-15)*s?
8
Let b(l) = -l + 3. Let h be b(-6). Suppose -h = -8*r + 63. Calculate the remainder when 35 is divided by r.
8
Suppose 0*t - 11 = -t. Let u(j) = -j**3 + 9*j**2 + 13*j - 10. What is the remainder when u(10) is divided by t?
9
Calculate the remainder when 25/(8 - (-105)/(-14)) is divided by (-345)/(-27) - 8/(-36).
11
Suppose -g + 2*v = -23, 144 = -0*g + 4*g + 5*v. Suppose -h + 8*h - 854 = 0. What is the remainder when h is divided by g?
29
Let s = 62 - 4. Suppose 8*x - 5*o - s = 4*x, 66 = 4*x - o. Calculate the remainder when x is divided by 4.
1
What is the remainder when 29 is divided by (2 + 6/9)/((-3)/(-18))?
13
Suppose 43*h + 338 - 3176 = 0. Calculate the remainder when h is divided by 24.
18
Let a = -6 - -37. Suppose 0 = -3*r - c + 25 + a, 5*r - 3*c = 84. Calculate the remainder when 69 is divided by r.
15
Suppose -85 = 4*f - 305. Suppose f - 9 = 2*c. Calculate the remainder when 90 is divided by c.
21
Suppose -138*d = -135*d - 12. Suppose d*j - 315 = -3*b + 140, 4*j - 451 = b. Let c(w) = 8*w**2 + 3*w + 3. Calculate the remainder when j is divided by c(-2).
26
Let j = -145 - -244. Suppose -l + j = 37. What is the remainder when l is divided by 32?
30
Suppose 48*g - 45*g - 3*f - 51 = 0, f - 39 = -3*g. Calculate the remainder when 95 is divided by g.
11
Suppose -5*k + 491 - 20 = 4*a, 0 = 5*k - 5*a - 480. What is the remainder when k is divided by 12?
11
Let p(o) = 2*o**2 - 13*o + 26. Calculate the remainder when 18/((-3 + 4)/1) is divided by p(3).
3
Calculate the remainder when (0 + -7)*(3420/70)/(-3) is divided by 41.
32
Let o(n) = -n**2 + 7*n - 14. Let k be o(5). Calculate the remainder when 92 is divided by (-76)/64*k*4.
16
Let f(b) = b**2 + 24*b - 34. Calculate the remainder when 469 is divided by f(3).
46
Suppose 15 = 2*m - m. Suppose 2*i - 5*i = -m. Suppose 0 = -i*u + 2*u + 12. What is the remainder when 13 is divided by u?
1
Suppose 893 - 257 = 12*d. Calculate the remainder when 61 is divided by d.
8
Suppose 838*y = 845*y - 133. Calculate the remainder when y is divided by (-2)/(-4) - 45/(-6).
3
Suppose 3*l = 3*b + 10 + 8, -b + 49 = 4*l. Suppose 43 + 280 = 17*i. What is the remainder when i is divided by l?
8
Let f(b) = -b**2 + 7*b - 5. Suppose -3*a - 3*o + 30 = 0, 2*a - 3*o = 3*a - 18. Let k be f(a). What is the remainder when 51 is divided by (1/k)/(3/39)?
12
Let j(q) = -2*q + 10. Let g be j(10). Let d be -5*1*4/g. Suppose -165 = -d*a - 3*a. Calculate the remainder when a is divided by 17.
16
Let j(u) = 5*u + 10. Let d be j(10). Let v = d - 55. Calculate the remainder when 15 is divided by v.
0
Suppose 1306 = 8*k - 6606. Calculate the remainder when k is divided by 90.
89
Let f = -7 - -20. Suppose 0 = -j - 7 + f. Let q = j - 3. Calculate the remainder when 4 is divided by q.
1
Calculate the remainder when 1074 is divided by (-180)/(-24)*(144/20)/3.
12
Let z(a) = a**3 - 5*a**2 + 2*a. Let g be z(4). Let k = -5 - g. Suppose -28*j - 11 = -r - 30*j, 0 = 5*r - 3*j - 16. What is the remainder when r is divided by k?
2
Let g = 6 - -7. What is the remainder when (287/(-21) + 13)*-90 is divided by g?
8
Suppose 3*y - 12 = 19*s - 20*s, s - 3 = 0. What is the remainder when (-2)/(-5) + 579/15 is divided by y?
0
Suppose -4*u + 99 = 3*b, 3*u + b = 47 + 31. Suppose 0 = 2*v - 5 - 5, -s = 4*v - u. Calculate the remainder when s is divided by 4.
3
Let a = 32 - 56. Calculate the remainder when 56/a*(-21 + 0) is divided by 13.
10
Suppose 22 = f - 0. Let k = f + 32. What is the remainder when k is divided by 14?
12
Suppose 0 = -5*v - 2*s + 1025, 3*v + 3*s = 434 + 172. What is the remainder when v is divided by 31?
21
Let x(c) = c**2. Let o be x(-2). Suppose -2*t + o*t = 46. Let m = 112 - 107. What is the remainder when t is divided by m?
3
Let m(k) = 9*k + 30. Let z be m(10). Suppose -4*r = -4*f + z, -f + 95 = 3*f + r. What is the remainder when 45 is divided by f?
20
Suppose -2 = 4*i + 2. Calculate the remainder when (i/(-2))/((-2)/(-132)) is divided by 2 + -1 + 17 - 1.
16
Suppose -u = -79 - 7. Calculate the remainder when u is divided by 88/(-28)*-7*1.
20
Let c(y) = -y**3 - y**2 - 8. Let h be c(0). Let j(q) = q**3 + 6*q**2 - 11*q - 11. Let t be j(h). Let a = -41 - t. What is the remainder when a is divided by 6?
4
Calculate the remainder when 61 is divided by (-1)/((64/21 + -3)/(-1)).
19
Let c(n) = n**2 - 9*n - 3. Let s(f) = f**2 - 13*f - 4. Let b(h) = 8*c(h) - 5*s(h). What is the remainder when b(-3) is divided by 12?
8
Let g = -16 - -17. Let h(p) = -p + 2. Let v be h(-8). Let j = v - 8. Calculate the remainder when j is divided by g.
0
Calculate the remainder when 5/(-10)*328*(3 + -4) is divided by 5.
4
Suppose -b - 22 = 5*m, 5 = -m - 0. Let t be 3 + (9 + b - 4). Suppose -2*w + 45 = -t. Calculate the remainder when w is divided by 16.
12
Let m(d) be the second derivative of 71*d**3/6 - 8*d**2 - 9*d. Calculate the remainder when m(3) is divided by 50.
47
Suppose -3*j + 902 = j + 5*t, -3*j + 5*t + 694 = 0. What is the remainder when j is divided by 33?
30
Let q(y) = -40*y + 62. What is the remainder when (4*-1 - -3) + 63 is divided by q(1)?
18
Suppose 0 = i + 4*g - 5*g - 186, -923 = -5*i - 2*g. Calculate the remainder when i is divided by 38.
33
Let u be -4*3/18 - 12/9. Calculate the remainder when 12 + ((-1)/u - 4/8) is divided by 4.
0
Calculate the remainder when (-257)/(-3) - 26/39 is divided by 4/24*-22*-6.
19
Let z = 54 - -55. What is the remainder when z is divided by 24?
13
Suppose -2*c - d = -16, 0*d - 2*d = -4*c + 40. Calculate the remainder when ((-4)/10)/(7 + 6377/(-910)) is divided by c.
7
What is the remainder when (10 - 16)*1132/(-24) is divided by 48?
43
Suppose 5*x = -z - 7, 3*z + 0*z + 21 = -4*x. What is the remainder when -2*z/(-28) - 79/(-2) is divided by (-20)/(-5) + 2*1?
3
Let u be 1/12*-2*-6. Let m be 11 + (2 - (3 + u)). Let x(r) = 8*r - 7. What is the remainder when x(m) is divided by 34?
31
Let l(y) = -y**3 + 25*y**2 + 3*y + 71. Calculate the remainder when l(25) is divided by 2.
0
Suppose -2*d + 42*s = 45*s - 441, -3*s + 219 = d. Calculate the remainder when d is divided by 9.
6
Suppose -4*f - f + 28 = -2*l, 0 = 5*f + 5*l. Let w(z) = 6*z + 277. Calculate the remainder when w(-43) is divided by f.
3
Suppose -80*h = -563 - 637. What is the remainder when 149 is divided by h?
14
Let r = 16 - 7. Suppose n = -2*q + r, -5*q + 0*q + 10 = 0. Calculate the remainder when 4/2*((-78)/12)/(-1) is divided by n.
3
Let v = -471 + 608. Calculate the remainder when v is div